 + 4).
2, 3, 7
Let x be 4/(-10) + (-2817)/(-5). Suppose x = 13*q - 2401. What are the prime factors of q?
2, 3, 19
Suppose -1525 = -3*q + 2*b, -7*q + 3*q = -3*b - 2032. List the prime factors of q.
7, 73
Let s = 58 - -115. Suppose -4*q - s - 55 = 0. Let z = 102 + q. What are the prime factors of z?
3, 5
Let q(c) = c**2 + 5*c - 39. List the prime factors of q(13).
3, 5, 13
Let a be -10*(-1 + 4)/(-6). Suppose f = -a + 2. What are the prime factors of (-12 + 2 + -1)*f?
3, 11
Suppose -z - z + 59 = 3*l, -3*z - 5*l + 88 = 0. List the prime factors of z.
31
Let q(m) = -m**3 + 10*m**2 + m + 2. Let g be (-2)/(-4) + 6/((-24)/(-38)). What are the prime factors of q(g)?
2, 3
Let w be -4 - ((-3)/(-3) - -2). Let u(o) = o**3 + 6*o**2 - 9*o - 12. Let i be u(w). Suppose 3*l - 39 = 4*g, 2*l - 48 = -i*l + 4*g. List the prime factors of l.
3
Let m = 174 - 95. What are the prime factors of m?
79
Let d = -10 + 12. Suppose 25 + 15 = 4*k - d*s, 0 = -3*s - 6. List the prime factors of k.
3
Let r = 21 + -9. Suppose -p = -2*m + r, -4*m - 8 = -4. List the prime factors of (36/p)/((-27)/252).
2, 3
Suppose 2*p = 5*p. Suppose -c + 0*c + 2 = p. Suppose 2*v + 87 = 3*j + 35, c*v = 2. What are the prime factors of j?
2, 3
Let c be (-4)/(-4) + 3 + -4. Suppose c*f - 3*f + 5*w = -217, -4 = 2*w. What are the prime factors of f?
3, 23
List the prime factors of (-1)/(-3 + (-20)/(-5))*-541.
541
Suppose 5*n + 26 = w, -4*w - 14 = 4*n + 2. Suppose -2*m = w - 3. Suppose 0*g + 4*g + m = -x, 4 = -g. List the prime factors of x.
3, 5
Suppose -4*l + 4*g - 3 - 9 = 0, g = 3*l + 5. Let j(q) = -18*q**3 + q**2. What are the prime factors of j(l)?
19
Let h = 0 + -20. Let u = -26 - h. Let i(n) = n**3 + 6*n**2 - 8*n - 6. What are the prime factors of i(u)?
2, 3, 7
Let q(u) = 69*u - 7. What are the prime factors of q(3)?
2, 5
Let r(f) = -2*f**2 - 3*f. Let s be r(-2). Let g(q) = 19*q**2 + 3. Let b(z) = -18*z**2 - 3. Let l(x) = -5*b(x) - 4*g(x). List the prime factors of l(s).
59
Suppose 0 = 3*i - 1 + 7. What are the prime factors of 71 - (i - 3/(-1))?
2, 5, 7
Suppose -g - 162 = -2*h - h, 0 = 2*h + 4*g - 94. Suppose -302 = -5*n + h. List the prime factors of n.
71
Let i(p) = 22*p**2 - 8*p - 4. List the prime factors of i(8).
2, 5, 67
Suppose -5*z = -10, -2*z = -5*w + 7 + 4. Suppose -w*p = -2*p - 3. Suppose 2*v - 3*v = -p*i + 97, -4*v = 3*i - 107. List the prime factors of i.
3, 11
Suppose 28*i - 30*i = -36. List the prime factors of (185/15)/(2/i).
3, 37
Let b(o) = o**2 - 7*o. Let x be b(10). List the prime factors of ((-24)/5)/(x/(-375)).
2, 3, 5
Let r be 7*2 - (-1 + -1). Let o(u) = -37*u - 196. Let c be o(-6). Suppose -r = -i + c. What are the prime factors of i?
2, 3, 7
Suppose 6 = 2*i - 2, 5*h - 384 = 4*i. What are the prime factors of h/(0 + (-4)/(-16))?
2, 5
Let f(n) be the second derivative of 14*n**3/3 + 3*n**2 + 111*n. Let i = -6 + 8. What are the prime factors of f(i)?
2, 31
Let q(p) = p**3 + 13*p**2 + 13*p + 17. Let a be q(-12). Suppose -d = r - 49, a*d = -4*r + 302 - 52. List the prime factors of d.
2, 3
Let n be (4/11)/((-4)/(-22)). Suppose -n*j - 32 = -504. List the prime factors of j.
2, 59
Suppose 5*w - z = -96, -2*w - 1 = -4*z + 23. List the prime factors of 12/w - 1090/(-25).
43
Suppose 4 = -2*g + 4*g. Let v be (-40)/(-6) + (-4)/6. Suppose -4*x + y = -v - 5, -g*y = 3*x - 22. What are the prime factors of x?
2
Let u be 11/3 - 4/6. Let x be (-17)/68 - (-306)/8. Suppose s + 4*p = -4, -u*s - 3*p - 5 = -x. What are the prime factors of s?
2
Suppose -d + 0*d + 207 = 0. Suppose 3*g - d = -3*f, -2*f = -g - 0*g - 129. What are the prime factors of f?
2, 3, 11
Let o be 10/2 - (-4)/(-2). Suppose o*a - 5 = 2*a. Suppose 0 = i + 3, 57 + 33 = 5*c - a*i. What are the prime factors of c?
3, 5
Let t(o) = 4*o**3 + 2*o**2 - 4*o + 1. Let b be t(1). What are the prime factors of 206/(5 - b) + -4?
3, 11
Let z = -207 - -1148. List the prime factors of z.
941
Suppose -4*q - 3*a + 1838 = 2*a, 5*q = -2*a + 2306. What are the prime factors of q?
2, 3, 7, 11
Let k(c) = c**3 + 21*c**2 + 10*c - 16. What are the prime factors of k(-8)?
2, 23
Let k = 3280 - 1700. List the prime factors of k.
2, 5, 79
Let n(j) be the second derivative of 7*j**4/6 + j**3/6 + 3*j. What are the prime factors of n(2)?
2, 29
Let w(o) = -2*o**3 - 8*o**2 - 16*o - 1. Let n(f) = -6*f**3 - 23*f**2 - 47*f - 2. Let h(q) = 3*n(q) - 8*w(q). What are the prime factors of h(-6)?
2, 83
Let v be (90/25)/((-5)/100). What are the prime factors of 245 - ((-297)/v + 2/(-16))?
241
Let q(l) = -2*l**2 + 41*l - 21. Let x be q(19). Suppose -585 = 33*w - x*w. List the prime factors of w.
3, 5, 13
Let k(u) = -18*u - 5 - 31 + 1. List the prime factors of k(-12).
181
Let y(c) = -785*c + 163. List the prime factors of y(-3).
2, 1259
Let k(h) = -2*h**3 + h**2 + h + 1. Let z be k(-1). List the prime factors of (0 + 2)*(z + 1000/16).
131
Let k = -572 - -970. List the prime factors of k.
2, 199
Let i(m) = m - 7. Let t be i(10). Let q(u) = -21 + 21 + 0*u + 10*u**2 - 4*u + 2. List the prime factors of q(t).
2, 5
Suppose -48 = 2*f + f. Let i = f - -16. Let z(m) = -2*m + 19. List the prime factors of z(i).
19
Suppose -13950 = -16*o + 3858. What are the prime factors of o?
3, 7, 53
Let y(c) = -4*c - 8. Let p be y(-3). Suppose h - 5*h + 784 = 4*q, p*q = 4*h + 792. List the prime factors of q.
197
Suppose -5*c = -9*h + 4*h + 1155, -929 = -4*h + 5*c. List the prime factors of h.
2, 113
Suppose 6*t - 22 = 2. Suppose -2052 = -t*q - 8*q. List the prime factors of q.
3, 19
List the prime factors of 1602/4 - (-4)/(-24)*-3.
401
Let u(y) = 24*y - 19. Let f be u(10). Suppose 28 = 3*l + 3*s - 131, f = 4*l - 5*s. List the prime factors of l.
2, 3
Let i be (-4)/10 + 12701/65. Let c = -133 + i. What are the prime factors of c?
2, 31
Suppose 3*n - 8 = -2*v, -3*v - 3*n + 8 = -4. Suppose -v*g - 2*r - 148 + 662 = 0, 0 = -5*r + 5. List the prime factors of g.
2
Suppose -2*u = 4*q - 3924, 0 = 3*u + q - 2709 - 3197. What are the prime factors of u?
2, 5, 197
Let x = 81 + -77. Suppose -317 = -5*i - 3*m + x*m, 2*m + 58 = i. What are the prime factors of i?
2
Suppose -3*f - 5*i - 20 - 67 = 0, 0 = -3*f - 4*i - 90. What are the prime factors of (51/f)/(3/(-136))?
2, 17
Let b = 31 + -28. Suppose 120 = 7*p - b*p. What are the prime factors of p?
2, 3, 5
Let c(d) = -20*d + 91. List the prime factors of c(-33).
751
Suppose -16 - 10 = -2*v - 4*p, -5*v - 2*p = -41. Suppose -g = -v + 2. Suppose -g*k = 9 - 104. List the prime factors of k.
19
Let f = -63 + 195. List the prime factors of f.
2, 3, 11
Let g(o) = -2*o**3 - o**2 + 2*o + 121. List the prime factors of g(0).
11
Let m = -141 + 143. Suppose 4*k - 10 = -m*w + 462, 224 = w - k. List the prime factors of w.
2, 3, 19
What are the prime factors of (-17)/(442/36309)*-2?
3, 7, 19
Suppose -2908 = -4*d - 4*h, -4*d + 5*h + 350 = -2603. List the prime factors of d.
2, 3, 61
Suppose -4*n - 175 = -11*n. Let v = -22 + n. Suppose 0 = -3*x - i + 86 + 83, 3*x - v*i - 153 = 0. List the prime factors of x.
5, 11
Suppose 3*x + 1518 = -3*t + 6*t, -x + 1498 = 3*t. List the prime factors of t.
3, 167
Let g = 229 + -171. List the prime factors of g.
2, 29
Let x = 76 - -66. Suppose g = 3*g - x. List the prime factors of g.
71
Suppose 2*s - 11 + 3 = 4*y, -s = 2*y. Suppose 0 = 4*v - s*v - 2. Let r(w) = 41*w**3 + 2*w**2 + w - 2. List the prime factors of r(v).
2, 3, 7
Suppose -5*y + 45 = -0*c + 3*c, -2*c + 27 = 3*y. What are the prime factors of (-606)/(-10) - y/15?
2, 3, 5
Suppose -2 = -4*t + 14. Suppose 2*m + 1 = m, -276 = -4*v - t*m. What are the prime factors of v?
2, 5, 7
Suppose -3*w - 11352 = -3*v, -5*w + 1444 - 12798 = -3*v. List the prime factors of v.
3, 13, 97
List the prime factors of (-219*1)/((-147)/343).
7, 73
Let k(h) = -8*h + 5. Let p(o) = -9*o + 6. Let b(d) = 7*k(d) - 6*p(d). Let n be b(-1). List the prime factors of n/(-2) + 228/8.
2, 7
Let q(x) = 24*x + 27*x - 47*x + x**2 + 102. What are the prime factors of q(0)?
2, 3, 17
Let b be (-1)/(0 - 3/36). Let y = -10 + b. List the prime factors of y/(-8) - (-274)/8.
2, 17
Let c = 572 - 178. List the prime factors of c.
2, 197
Let s = 19 + -19. Suppose -2*b - 2*f + 4 = s, 3*b = b + f + 4. Suppose 2*i + b*x - 140 = 0, i + 5*x - 26 - 64 = 0. What are the prime factors of i?
5, 13
Suppose -3*w - 10 = 2*g, -9*g - 15 